{"id":10788,"date":"2022-03-02T13:01:06","date_gmt":"2022-03-02T12:01:06","guid":{"rendered":"https:\/\/laabuelacarmen.com\/la-abuela-carmen\/"},"modified":"2022-09-19T13:19:15","modified_gmt":"2022-09-19T12:19:15","slug":"la-abuela-carmen","status":"publish","type":"page","link":"https:\/\/laabuelacarmen.com\/en\/la-abuela-carmen\/","title":{"rendered":"Get to know us"},"content":{"rendered":"\n<p>Manuel Vaquero has dedicated his entire life to the growing and commercialisation of garlic in his hometown of Montalb\u00e1n de C\u00f3rdoba, in the heart of Andalusia. At the beginning of the 90s, he, a tireless traveller with a restless nature, was thinking about doing something unique with his traditional business dedicated to garlic growing; in addition to modernising and professionalising it, he named it La Abuela Carmen, which displays the generational and family nature of the company.<\/p>\n\n\n<div class='linea_temporal'>      <div class=\"fila\">\n        <div class=\"imagen\">\n          <img decoding=\"async\" src=\"https:\/\/laabuelacarmen.com\/wp-content\/uploads\/2022\/03\/AJO-CON-ACEITE-DE-OLIVA-Y-HIERBAS.jpg\" alt=\"\" title=\"AJO CON ACEITE DE OLIVA Y HIERBAS\">\n        <\/div>\n        <div class=\"texto\">\n          <div class=\"ano\">\n            1990          <\/div>\n          <div class=\"descripcion\">\n            <p class=\"western\"><span lang=\"en-GB\"><b>DEVELOPING THE IDEA<\/b><\/span><\/p>\n<p class=\"western\"><span lang=\"en-GB\">The strength of the business is the countryside which provides the product. This is the purpose that outlines the company\u2019s path. He treats the passion for traditional growth with care, as well as including an important technological nuance from the beginning.<\/span><\/p>\n          <\/div>\n        <\/div>\n      <\/div>\n          <div class=\"fila\">\n        <div class=\"imagen\">\n          <img decoding=\"async\" src=\"https:\/\/laabuelacarmen.com\/wp-content\/uploads\/2022\/03\/AJO-NEGRO-BIO-2-1.jpg\" alt=\"\" title=\"AJO NEGRO BIO 2\">\n        <\/div>\n        <div class=\"texto\">\n          <div class=\"ano\">\n            1999          <\/div>\n          <div class=\"descripcion\">\n            <p class=\"western\"><span lang=\"en-GB\"><b>ECOLOGICAL CERTIFICATION<\/b><\/span><\/p>\n<p class=\"western\"><span lang=\"en-GB\">Our business is committed to quality and protection of the environment. La Abuela Carmen has an ecological certification and it undergoes the most demanding methods to guarantee the production of ecological foodstuffs and the quality of the product throughout each stage of the production chain.<\/span><\/p>\n          <\/div>\n        <\/div>\n      <\/div>\n          <div class=\"fila\">\n        <div class=\"imagen\">\n          <img decoding=\"async\" src=\"https:\/\/laabuelacarmen.com\/wp-content\/uploads\/2022\/03\/PACK-GOURMET-2.jpg\" alt=\"\" title=\"PACK GOURMET 2\">\n        <\/div>\n        <div class=\"texto\">\n          <div class=\"ano\">\n            2002          <\/div>\n          <div class=\"descripcion\">\n            <p class=\"western\"><span lang=\"en-GB\"><b>PRODUCTION DIVERSITY<\/b><\/span><\/p>\n<p class=\"western\"><span lang=\"en-GB\">Our garlic thrives in Andalusia. The growing area is located in the realm of the Sierras Subb\u00e9ticas, Sierra Morena and the Guadalquivir Valley. Our company invests greatly to obtain an important variety in production: Peeled garlic, fried garlic, sliced garlic, chopped garlic, seasoned garlic and garlic paste.<\/span><\/p>\n          <\/div>\n        <\/div>\n      <\/div>\n          <div class=\"fila\">\n        <div class=\"imagen\">\n          <img decoding=\"async\" src=\"https:\/\/laabuelacarmen.com\/wp-content\/uploads\/2022\/03\/AJO-NEGRO-BIO.jpg\" alt=\"\" title=\"AJO NEGRO BIO\">\n        <\/div>\n        <div class=\"texto\">\n          <div class=\"ano\">\n            2013          <\/div>\n          <div class=\"descripcion\">\n            <p class=\"western\"><span lang=\"en-GB\"><b>THE BEGINNING OF BLACK GARLIC<\/b><\/span><\/p>\n<p class=\"western\"><span lang=\"en-GB\">From fresh garlic and through a slow process of natural maturing, a mature garlic which is flavoursome and with many healthy properties is obtained. This foodstuff was produced in some areas of Korea and Japan centuries ago. La Abuela Carmen is the first Andalusian company to produce it.<\/span><\/p>\n          <\/div>\n        <\/div>\n      <\/div>\n    <\/div>\n\n\n<p>We rely on a team of more than 500 professionals.<\/p>\n\n\n\n<p>These people (more than 500 at harvest time), are those who make the day-to-day business of a company like La Abuela Carmen possible.<\/p>\n\n\n\n<p>The application of the latest technology, an innovative formula that is always tied to the company, also requires the knowledge and work of expert hands to oversee the entire process of preparing our products. It can be said that without the staff, formed mostly by women (from its management team to the manufacturing plants), the company would not exist.<\/p>\n\n\n\n<p>The human touch is essential for running the brand.<\/p>\n\n\n  <div id=\"equipo-slider\" class=\"splide\">\n    <div class=\"splide__track\">\n      <ul class=\"splide__list\">          <div class=\"splide__slide\">\n            <div class=\"content\">\n              <img decoding=\"async\" class=\"foto\" src=\"https:\/\/laabuelacarmen.com\/wp-content\/uploads\/2022\/03\/Manuel-Vaquero.jpg\" title=\"Manuel Vaquero\" alt=\"\" title=\"Manuel Vaquero\" \/>\n              <div class=\"nombre\">Manuel Vaquero Ortiz<\/div>\n              <div class=\"puesto\">(Chief Executive Officer)<\/div>\n            <\/div>\n          <\/div>\n                <div class=\"splide__slide\">\n            <div class=\"content\">\n              <img decoding=\"async\" class=\"foto\" src=\"https:\/\/laabuelacarmen.com\/wp-content\/uploads\/2022\/03\/Carmen-Cabello.jpg\" title=\"Carmen Cabello\" alt=\"\" title=\"Carmen Cabello\" \/>\n              <div class=\"nombre\">M\u00aa Carmen Vaquero Cabello de Alba<\/div>\n              <div class=\"puesto\">(Chief Operating Officer)<\/div>\n            <\/div>\n          <\/div>\n                <div class=\"splide__slide\">\n            <div class=\"content\">\n              <img decoding=\"async\" class=\"foto\" src=\"https:\/\/laabuelacarmen.com\/wp-content\/uploads\/2022\/03\/nati.jpg\" title=\"nati\" alt=\"\" title=\"nati\" \/>\n              <div class=\"nombre\">Natividad Vaquero Cabello de Alba<\/div>\n              <div class=\"puesto\">(Chief Marketing Officer)<\/div>\n            <\/div>\n          <\/div>\n                <div class=\"splide__slide\">\n            <div class=\"content\">\n              <img decoding=\"async\" class=\"foto\" src=\"https:\/\/laabuelacarmen.com\/wp-content\/uploads\/2022\/03\/Manuel-Vaquero-Cabello.jpg\" title=\"Manuel Vaquero Cabello\" alt=\"\" title=\"Manuel Vaquero Cabello\" \/>\n              <div class=\"nombre\">Manuel Vaquero Cabello de Alba<\/div>\n              <div class=\"puesto\">(Chief Technology Officer)<\/div>\n            <\/div>\n          <\/div>\n                <div class=\"splide__slide\">\n            <div class=\"content\">\n              <img decoding=\"async\" class=\"foto\" src=\"https:\/\/laabuelacarmen.com\/wp-content\/uploads\/2022\/03\/Teresa-Jimenez-Jimenez.jpg\" title=\"Teresa Jimenez Jimenez\" alt=\"\" title=\"Teresa Jimenez Jimenez\" \/>\n              <div class=\"nombre\">Teresa Jim\u00e9nez Jim\u00e9nez<\/div>\n              <div class=\"puesto\">(Head of Processed Production)<\/div>\n            <\/div>\n          <\/div>\n                <div class=\"splide__slide\">\n            <div class=\"content\">\n              <img decoding=\"async\" class=\"foto\" src=\"https:\/\/laabuelacarmen.com\/wp-content\/uploads\/2022\/03\/Jose-Manuel-Lopez-Santiago.jpg\" title=\"Jose Manuel Lopez Santiago\" alt=\"\" title=\"Jose Manuel Lopez Santiago\" \/>\n              <div class=\"nombre\">Jos\u00e9 Manuel L\u00f3pez Santiago<\/div>\n              <div class=\"puesto\">(Head of Fresh Production)<\/div>\n            <\/div>\n          <\/div>\n                <div class=\"splide__slide\">\n            <div class=\"content\">\n              <img decoding=\"async\" class=\"foto\" src=\"https:\/\/laabuelacarmen.com\/wp-content\/uploads\/2022\/03\/Maria-Luz-Galvez.jpg\" title=\"Maria Luz Galvez\" alt=\"\" title=\"Maria Luz Galvez\" \/>\n              <div class=\"nombre\">Mar\u00eda Luz G\u00e1lvez Ca\u00f1ete<\/div>\n              <div class=\"puesto\">(Management Assistant)<\/div>\n            <\/div>\n          <\/div>\n                <div class=\"splide__slide\">\n            <div class=\"content\">\n              <img decoding=\"async\" class=\"foto\" src=\"https:\/\/laabuelacarmen.com\/wp-content\/uploads\/2022\/03\/Ana-Ruz-Salado.jpg\" title=\"Ana Ruz Salado\" alt=\"\" title=\"Ana Ruz Salado\" \/>\n              <div class=\"nombre\">Ana Ruz Salado<\/div>\n              <div class=\"puesto\">(National Logistics)<\/div>\n            <\/div>\n          <\/div>\n                <div class=\"splide__slide\">\n            <div class=\"content\">\n              <img decoding=\"async\" class=\"foto\" src=\"https:\/\/laabuelacarmen.com\/wp-content\/uploads\/2022\/03\/Elisa-Sanchez.jpg\" title=\"Elisa Sanchez\" alt=\"\" title=\"Elisa Sanchez\" \/>\n              <div class=\"nombre\">Elisa S\u00e1nchez Gonz\u00e1lez<\/div>\n              <div class=\"puesto\"> (International Logistics)<\/div>\n            <\/div>\n          <\/div>\n                <div class=\"splide__slide\">\n            <div class=\"content\">\n              <img decoding=\"async\" class=\"foto\" src=\"https:\/\/laabuelacarmen.com\/wp-content\/uploads\/2022\/03\/Juana-Sanchez-Lopez.jpg\" title=\"Juana Sanchez Lopez\" alt=\"\" title=\"Juana Sanchez Lopez\" \/>\n              <div class=\"nombre\">Juana S\u00e1nchez L\u00f3pez<\/div>\n              <div class=\"puesto\">(Quality Control)<\/div>\n            <\/div>\n          <\/div>\n                <div class=\"splide__slide\">\n            <div class=\"content\">\n              <img decoding=\"async\" class=\"foto\" src=\"https:\/\/laabuelacarmen.com\/wp-content\/uploads\/2022\/06\/Josefa-Canero-Moreno-2.png\" title=\"Josefa-Canero-Moreno\" alt=\"\" title=\"Josefa-Canero-Moreno\" \/>\n              <div class=\"nombre\">Josefa Canero Moreno<\/div>\n              <div class=\"puesto\">(Quality Control)<\/div>\n            <\/div>\n          <\/div>\n      <\/ul>    <\/div>\n  <\/div>\n\n\n  <div class=\"banner_paginas\">\n    <img decoding=\"async\" class=\"background\" src=\"https:\/\/laabuelacarmen.com\/wp-content\/uploads\/2022\/03\/AJO-NEGRO-BIO-2-2.jpg\" alt=\"\" title=\"AJO-NEGRO-BIO-2\">\n    <div class=\"opacity_banner\">\n\n    <\/div>\n    <div class=\"content\">\n      <div class=\"tituloPequeno\">\n        Main European producer       <\/div>\n      <div class=\"tituloGrande\">\n        of Black Garlic      <\/div>\n      <div class=\"link\"><a class=\"btn cream\" href=\"https:\/\/laabuelacarmen.com\/en\/black-garlic\/\">Black garlic<\/a><\/div>\n    <\/div>\n  <\/div>\n","protected":false},"excerpt":{"rendered":"<p>Manuel Vaquero has dedicated his entire life to the growing and commercialisation of garlic in his hometown of Montalb\u00e1n de C\u00f3rdoba, in the heart of Andalusia. At the beginning of the 90s, he, a tireless traveller with a restless nature, was thinking about doing something unique with his traditional business dedicated to garlic growing; in [&hellip;]<\/p>\n","protected":false},"author":1,"featured_media":0,"parent":0,"menu_order":0,"comment_status":"closed","ping_status":"closed","template":"","meta":{"inline_featured_image":false,"footnotes":""},"class_list":["post-10788","page","type-page","status-publish","hentry"],"acf":[],"_links":{"self":[{"href":"https:\/\/laabuelacarmen.com\/en\/wp-json\/wp\/v2\/pages\/10788","targetHints":{"allow":["GET"]}}],"collection":[{"href":"https:\/\/laabuelacarmen.com\/en\/wp-json\/wp\/v2\/pages"}],"about":[{"href":"https:\/\/laabuelacarmen.com\/en\/wp-json\/wp\/v2\/types\/page"}],"author":[{"embeddable":true,"href":"https:\/\/laabuelacarmen.com\/en\/wp-json\/wp\/v2\/users\/1"}],"replies":[{"embeddable":true,"href":"https:\/\/laabuelacarmen.com\/en\/wp-json\/wp\/v2\/comments?post=10788"}],"version-history":[{"count":4,"href":"https:\/\/laabuelacarmen.com\/en\/wp-json\/wp\/v2\/pages\/10788\/revisions"}],"predecessor-version":[{"id":11042,"href":"https:\/\/laabuelacarmen.com\/en\/wp-json\/wp\/v2\/pages\/10788\/revisions\/11042"}],"wp:attachment":[{"href":"https:\/\/laabuelacarmen.com\/en\/wp-json\/wp\/v2\/media?parent=10788"}],"curies":[{"name":"wp","href":"https:\/\/api.w.org\/{rel}","templated":true}]}}

<p>Manuel Vaquero has dedicated his entire life to the growing and commercialisation of garlic in his hometown of Montalbán de Córdoba, in the heart of Andalusia. At the beginning of the 90s, he, a tireless traveller with a restless nature, was thinking about doing something unique with his traditional business dedicated to garlic growing; in addition to modernising and professionalising it, he named it La Abuela Carmen, which displays the generational and family nature of the company.</p>


<div class='linea_temporal'>      <div class="fila">
        <div class="imagen">
          <img decoding="async" src="https://laabuelacarmen.com/wp-content/uploads/2022/03/AJO-CON-ACEITE-DE-OLIVA-Y-HIERBAS.jpg" alt="" title="AJO CON ACEITE DE OLIVA Y HIERBAS">
        </div>
        <div class="texto">
          <div class="ano">
            1990          </div>
          <div class="descripcion">
            <p class="western"><span lang="en-GB"><b>DEVELOPING THE IDEA</b></span></p>
<p class="western"><span lang="en-GB">The strength of the business is the countryside which provides the product. This is the purpose that outlines the company’s path. He treats the passion for traditional growth with care, as well as including an important technological nuance from the beginning.</span></p>
          </div>
        </div>
      </div>
          <div class="fila">
        <div class="imagen">
          <img decoding="async" src="https://laabuelacarmen.com/wp-content/uploads/2022/03/AJO-NEGRO-BIO-2-1.jpg" alt="" title="AJO NEGRO BIO 2">
        </div>
        <div class="texto">
          <div class="ano">
            1999          </div>
          <div class="descripcion">
            <p class="western"><span lang="en-GB"><b>ECOLOGICAL CERTIFICATION</b></span></p>
<p class="western"><span lang="en-GB">Our business is committed to quality and protection of the environment. La Abuela Carmen has an ecological certification and it undergoes the most demanding methods to guarantee the production of ecological foodstuffs and the quality of the product throughout each stage of the production chain.</span></p>
          </div>
        </div>
      </div>
          <div class="fila">
        <div class="imagen">
          <img decoding="async" src="https://laabuelacarmen.com/wp-content/uploads/2022/03/PACK-GOURMET-2.jpg" alt="" title="PACK GOURMET 2">
        </div>
        <div class="texto">
          <div class="ano">
            2002          </div>
          <div class="descripcion">
            <p class="western"><span lang="en-GB"><b>PRODUCTION DIVERSITY</b></span></p>
<p class="western"><span lang="en-GB">Our garlic thrives in Andalusia. The growing area is located in the realm of the Sierras Subbéticas, Sierra Morena and the Guadalquivir Valley. Our company invests greatly to obtain an important variety in production: Peeled garlic, fried garlic, sliced garlic, chopped garlic, seasoned garlic and garlic paste.</span></p>
          </div>
        </div>
      </div>
          <div class="fila">
        <div class="imagen">
          <img decoding="async" src="https://laabuelacarmen.com/wp-content/uploads/2022/03/AJO-NEGRO-BIO.jpg" alt="" title="AJO NEGRO BIO">
        </div>
        <div class="texto">
          <div class="ano">
            2013          </div>
          <div class="descripcion">
            <p class="western"><span lang="en-GB"><b>THE BEGINNING OF BLACK GARLIC</b></span></p>
<p class="western"><span lang="en-GB">From fresh garlic and through a slow process of natural maturing, a mature garlic which is flavoursome and with many healthy properties is obtained. This foodstuff was produced in some areas of Korea and Japan centuries ago. La Abuela Carmen is the first Andalusian company to produce it.</span></p>
          </div>
        </div>
      </div>
    </div>


<p>We rely on a team of more than 500 professionals.</p>



<p>These people (more than 500 at harvest time), are those who make the day-to-day business of a company like La Abuela Carmen possible.</p>



<p>The application of the latest technology, an innovative formula that is always tied to the company, also requires the knowledge and work of expert hands to oversee the entire process of preparing our products. It can be said that without the staff, formed mostly by women (from its management team to the manufacturing plants), the company would not exist.</p>



<p>The human touch is essential for running the brand.</p>


  <div id="equipo-slider" class="splide">
    <div class="splide__track">
      <ul class="splide__list">          <div class="splide__slide">
            <div class="content">
              <img decoding="async" class="foto" src="https://laabuelacarmen.com/wp-content/uploads/2022/03/Manuel-Vaquero.jpg" title="Manuel Vaquero" alt="" title="Manuel Vaquero" />
              <div class="nombre">Manuel Vaquero Ortiz</div>
              <div class="puesto">(Chief Executive Officer)</div>
            </div>
          </div>
                <div class="splide__slide">
            <div class="content">
              <img decoding="async" class="foto" src="https://laabuelacarmen.com/wp-content/uploads/2022/03/Carmen-Cabello.jpg" title="Carmen Cabello" alt="" title="Carmen Cabello" />
              <div class="nombre">Mª Carmen Vaquero Cabello de Alba</div>
              <div class="puesto">(Chief Operating Officer)</div>
            </div>
          </div>
                <div class="splide__slide">
            <div class="content">
              <img decoding="async" class="foto" src="https://laabuelacarmen.com/wp-content/uploads/2022/03/nati.jpg" title="nati" alt="" title="nati" />
              <div class="nombre">Natividad Vaquero Cabello de Alba</div>
              <div class="puesto">(Chief Marketing Officer)</div>
            </div>
          </div>
                <div class="splide__slide">
            <div class="content">
              <img decoding="async" class="foto" src="https://laabuelacarmen.com/wp-content/uploads/2022/03/Manuel-Vaquero-Cabello.jpg" title="Manuel Vaquero Cabello" alt="" title="Manuel Vaquero Cabello" />
              <div class="nombre">Manuel Vaquero Cabello de Alba</div>
              <div class="puesto">(Chief Technology Officer)</div>
            </div>
          </div>
                <div class="splide__slide">
            <div class="content">
              <img decoding="async" class="foto" src="https://laabuelacarmen.com/wp-content/uploads/2022/03/Teresa-Jimenez-Jimenez.jpg" title="Teresa Jimenez Jimenez" alt="" title="Teresa Jimenez Jimenez" />
              <div class="nombre">Teresa Jiménez Jiménez</div>
              <div class="puesto">(Head of Processed Production)</div>
            </div>
          </div>
                <div class="splide__slide">
            <div class="content">
              <img decoding="async" class="foto" src="https://laabuelacarmen.com/wp-content/uploads/2022/03/Jose-Manuel-Lopez-Santiago.jpg" title="Jose Manuel Lopez Santiago" alt="" title="Jose Manuel Lopez Santiago" />
              <div class="nombre">José Manuel López Santiago</div>
              <div class="puesto">(Head of Fresh Production)</div>
            </div>
          </div>
                <div class="splide__slide">
            <div class="content">
              <img decoding="async" class="foto" src="https://laabuelacarmen.com/wp-content/uploads/2022/03/Maria-Luz-Galvez.jpg" title="Maria Luz Galvez" alt="" title="Maria Luz Galvez" />
              <div class="nombre">María Luz Gálvez Cañete</div>
              <div class="puesto">(Management Assistant)</div>
            </div>
          </div>
                <div class="splide__slide">
            <div class="content">
              <img decoding="async" class="foto" src="https://laabuelacarmen.com/wp-content/uploads/2022/03/Ana-Ruz-Salado.jpg" title="Ana Ruz Salado" alt="" title="Ana Ruz Salado" />
              <div class="nombre">Ana Ruz Salado</div>
              <div class="puesto">(National Logistics)</div>
            </div>
          </div>
                <div class="splide__slide">
            <div class="content">
              <img decoding="async" class="foto" src="https://laabuelacarmen.com/wp-content/uploads/2022/03/Elisa-Sanchez.jpg" title="Elisa Sanchez" alt="" title="Elisa Sanchez" />
              <div class="nombre">Elisa Sánchez González</div>
              <div class="puesto"> (International Logistics)</div>
            </div>
          </div>
                <div class="splide__slide">
            <div class="content">
              <img decoding="async" class="foto" src="https://laabuelacarmen.com/wp-content/uploads/2022/03/Juana-Sanchez-Lopez.jpg" title="Juana Sanchez Lopez" alt="" title="Juana Sanchez Lopez" />
              <div class="nombre">Juana Sánchez López</div>
              <div class="puesto">(Quality Control)</div>
            </div>
          </div>
                <div class="splide__slide">
            <div class="content">
              <img decoding="async" class="foto" src="https://laabuelacarmen.com/wp-content/uploads/2022/06/Josefa-Canero-Moreno-2.png" title="Josefa-Canero-Moreno" alt="" title="Josefa-Canero-Moreno" />
              <div class="nombre">Josefa Canero Moreno</div>
              <div class="puesto">(Quality Control)</div>
            </div>
          </div>
      </ul>    </div>
  </div>


  <div class="banner_paginas">
    <img decoding="async" class="background" src="https://laabuelacarmen.com/wp-content/uploads/2022/03/AJO-NEGRO-BIO-2-2.jpg" alt="" title="AJO-NEGRO-BIO-2">
    <div class="opacity_banner">

    </div>
    <div class="content">
      <div class="tituloPequeno">
        Main European producer       </div>
      <div class="tituloGrande">
        of Black Garlic      </div>
      <div class="link"><a class="btn cream" href="https://laabuelacarmen.com/en/black-garlic/">Black garlic</a></div>
    </div>
  </div>

<p>Manuel Vaquero has dedicated his entire life to the growing and commercialisation of garlic in his hometown of Montalbán de Córdoba, in the heart of Andalusia. At the beginning of the 90s, he, a tireless traveller with a restless nature, was thinking about doing something unique with his traditional business dedicated to garlic growing; in [&hellip;]</p>
